ose c + 2*t + 5 = 0, -15 = -c + t + 2*t. Suppose 0 = -4*i + i + 3*u + 27, -c*u = -2*i + 20. Is i a composite number?
False
Suppose -m + 77 = -3*h, 2*m + 4*h + 300 = 6*m. Suppose -m = -2*z - 0*z + 4*x, -z + 4*x + 43 = 0. Is z composite?
False
Let g = 37780 + -16301. Is g prime?
False
Let v be -5*(3 + 85/(-25)). Suppose v*o + 5*r = 1979, 4*o = -3*r + 2025 + 1954. Is o composite?
False
Let d be 3 + -2 + (-2 - -4). Suppose -d*y + 0*y + 4*f + 860 = 0, 0 = -4*f - 20. Suppose -108 - y = -4*u. Is u a prime number?
True
Let l = -3926 - -5500. Is l a composite number?
True
Let q(z) = -1268*z - 359. Is q(-15) a prime number?
True
Let u(m) = -m**2 + m + 1. Let r(i) = -18*i**3 - 13*i**2 - 2*i + 13. Let y(w) = r(w) - 6*u(w). Is y(-4) a composite number?
True
Is 1/(244/242 + 2 - 3) composite?
True
Let r be 1 - (-3)/(9/21). Suppose -3*h - r + 23 = 0. Is (h/(-2))/((-1)/46) a prime number?
False
Is 15/((-540)/(-552))*(-66)/(-4) a prime number?
False
Let y(j) = -41*j - 5. Let v = 1 - -3. Suppose 8 = -2*l, -z = -v*z - l - 16. Is y(z) a prime number?
False
Let b = -29 + 42. Let a(p) = -7*p + 29. Let d be a(b). Let u = -25 - d. Is u a composite number?
False
Let v(h) = 8*h**2 - 42*h - 105. Is v(-43) prime?
True
Suppose 0 = -0*m - 17*m + 44659. Is m a composite number?
True
Suppose 3*n = 2*l - n - 16, 0 = -4*n + 12. Let o(g) = -g**3 + 20*g**2 - 17*g - 17. Is o(l) composite?
True
Let t(k) = 122*k - 435. Is t(10) a prime number?
False
Suppose -4*i = -3*s - 8327, -4*i = -8*i + 5*s + 8329. Is i a composite number?
False
Let i(q) = 1393*q - 100. Is i(9) a prime number?
True
Suppose -5*c + 12 + 22 = x, -5*c - 3*x = -42. Let q(g) = 4*g**3 + 5*g**2 + 8*g - 11. Is q(c) prime?
False
Suppose -13 = 4*a - 2*g + 5*g, -5*a - 2*g - 25 = 0. Let x = a - -98. Is x prime?
False
Is (3 - (-14336)/(-6))/((-15)/45) prime?
True
Let m = -10 - -13. Suppose -m*j + 5*t = 1, -4*j + 2*t = -3 - 5. Is 12*74 + j/(-3) a prime number?
True
Let a be 24/(-108) + (-100726)/9. Let k = -5239 - a. Is k a prime number?
True
Let p = -62 - -69. Suppose 2*b + 1325 = p*b. Is b prime?
False
Suppose 3*d - 247 = -2464. Let v = 1236 + d. Is v composite?
True
Let f = 43 + 1399. Let a = -689 + f. Is a a prime number?
False
Suppose d = 4*h - 20, 0*d = 4*d. Suppose 3*r - j + h*j = 5379, -3*r = -j - 5379. Is r a composite number?
True
Let g(i) = -79*i**3 + 4*i**2 - 4*i - 8. Is g(-3) composite?
True
Suppose 767 = -4*c - 397. Is (7 - c)*1/2 a composite number?
False
Suppose 0 = g + g - 4*n + 26, 0 = 2*g + n + 1. Is ((-1461)/(-2))/(g/(-2)) a prime number?
True
Suppose 4*n = 3*u + 19, 2*n + 5*u + 12 = -11. Let b be 1/3*12*n. Suppose 0 = 3*x - 0*x - 4*d - 110, 144 = b*x - 4*d. Is x a composite number?
True
Suppose -a + 1788 = 2*a. Suppose 3*w = -5*f - 0*w + 745, 3*w - a = -4*f. Is f a prime number?
True
Let v(q) = 92*q**2 - 4*q - 1. Let w be v(6). Suppose -7*b = 7 + 7. Is w/11 + b/(-11) a prime number?
False
Let d(m) = -528*m - 7. Let w = 24 + -18. Suppose 3*s + w = -g + 2*g, 0 = 4*s + 4*g + 8. Is d(s) a prime number?
True
Suppose -5*k = -3823 - 2027. Let h = 2005 - k. Is h prime?
False
Is 3928/(-2)*5/(60/(-21)) composite?
True
Let u = -88 + 524. Suppose 2*c + 2*d = 348, 5*c + 0*d - 863 = 2*d. Let h = u - c. Is h composite?
False
Is ((-230251)/147)/(0 - (-2)/(-6)) a composite number?
True
Let x = 331 - -1066. Is x a composite number?
True
Let r(o) = -2*o**3 + 5*o**2 - o - 1. Let i be -2*(-2 + (-20)/(-8)). Let v(p) = -p**2. Let y(n) = i*r(n) - 6*v(n). Is y(3) composite?
False
Suppose 2216 = 5*q - r, q - 506 = -4*r - 67. Let m = q + 1316. Is m composite?
False
Let s(w) = 4*w + 9. Let a be s(-3). Let z be a/(-6)*4 - 178. Is (z/(-24))/(2/15) a composite number?
True
Suppose 0*z = z + 14. Let y be 2/7 + 130/z. Is (y/(-18))/((-1)/(-154)) a prime number?
False
Let i(n) = 287*n + 23. Is i(18) composite?
False
Suppose 3*o + 1941 = 3*q, 2*o + 2000 = 3*q + 64. Let m = q - -346. Suppose -5*c + m = -297. Is c a prime number?
True
Suppose 26 = 4*m - 4*d - 6, -4*m = 2*d - 8. Suppose 18 = 5*l - m*g, -15 = 3*g - 8*g. Suppose -1901 = -3*k - o, -o + 4*o = l. Is k prime?
False
Is (-1792989)/(-153) - (4 - (-420)/(-102)) a prime number?
True
Let n(g) = 3*g**2 + 2*g + 11. Let z be n(-11). Let v = 909 - z. Is v a composite number?
False
Is (-44)/110 - (1267/5)/(-1) a composite number?
True
Suppose -5*j - 31463 - 175039 = -n, 3*n - 619526 = -5*j. Is n a prime number?
False
Suppose -12*f = -11*f - 3. Suppose -f*t = -0*t - 27. Is (-6718)/(-18) - 2/t prime?
True
Let j be (1 + -5)/((-2)/60). Suppose -2*a - 2*g + 102 = -6*a, g - j = 5*a. Let r = a + 142. Is r composite?
True
Let j(l) = -24*l - 68. Let x be j(-27). Suppose 2*k - 14 = 4*y, 5 + 5 = k - 5*y. Suppose 2*q + k*d = 4*d + 1139, -q + x = -3*d. Is q a prime number?
True
Let j(z) = -z**3 + 5*z**2 + 7*z + 3. Let i be j(6). Let o(r) = 0 + 0*r**2 + i + r**2 + 4*r**2 + 15*r. Is o(-7) a prime number?
True
Let y(f) = 29*f**2 - 20*f + 11. Let a be y(-9). Suppose a = 3*r + r. Is r a prime number?
False
Suppose -3417 = 4*k - 3*m, -3 = m - 2. Is ((-11)/4)/(1 + k/852) a composite number?
True
Suppose -11*m = -14*m + 12. Suppose -4*n = -4*r + r + 1127, -3*n + 1536 = m*r. Is r a prime number?
False
Let q be 8116 + -2 + 2/1. Suppose -5*l + 7824 = 4*a - 2322, 3*a - q = -4*l. Suppose -491 = 5*h - l. Is h a composite number?
False
Let x(z) = -215*z**3 - 3*z**2 - 9*z + 3. Is x(-4) composite?
False
Suppose 3*d - 13 = 2. Suppose 3*r - 2*b = 417 + 56, d*b - 347 = -2*r. Let a = r - 34. Is a a composite number?
False
Suppose 2*y + 7287 - 22458 = 5*s, -5*y - 5*s = -37840. Is y a prime number?
True
Suppose 0 = -h - 5*h + 188898. Is h/15 - (-10)/75 a composite number?
False
Let g(f) = -4*f + 1. Let q be g(-1). Suppose 9*o = q*o + 24. Suppose 2*b + 92 = o*b. Is b a prime number?
True
Let n = 11711 - 5656. Suppose m + 4*m = 5*r - n, 5*m = 2*r - 2416. Is r a composite number?
False
Suppose 5*l + 27 = -18. Let a(h) = -h**3 - 8*h**2 + 10*h + 11. Let w be a(l). Suppose -w*y - 2*y = -1228. Is y a prime number?
True
Suppose 5*h = 4 + 56. Is -753*(20/h - 2) a composite number?
False
Suppose 2*y = -3*y + 20. Let k be (-1)/(y/(-2716)) + -2. Suppose 0 = -5*x + 18 + k. Is x prime?
True
Suppose -3*z + b = 2*z + 1487, z + 301 = -b. Is z*((-4)/10)/((-4)/(-35)) a composite number?
True
Let s = -20419 + 34248. Is s a composite number?
False
Suppose 154683 = -47*o + 74*o. Is o prime?
False
Suppose -g = -3*g - 4*y + 19834, -3*y = g - 9917. Is g a composite number?
True
Suppose 4*m + 10466 = 2*g + 7*m, 4*g - 20924 = -4*m. Is g prime?
True
Let b = -4 - -6. Suppose -5*d + 17 = -2*r - b, -5 = -d + r. Suppose 2*u - 724 = -0*h - 4*h, 0 = -d*u + 12. Is h prime?
True
Let j = 402 - 53. Suppose 0*c + 4*c - 201 = -3*n, -5*n = 2*c - j. Is n a composite number?
False
Let a(g) = -g**2 - 7*g + 20. Let k be a(-9). Suppose 1 = -z + k, 3566 = 5*t + z. Is t prime?
False
Let x(y) = -y + 2. Let n be x(3). Is 731 + n + (-2)/(-2) a prime number?
False
Is (-42)/(-30)*5 + 1490 a prime number?
False
Let z be ((-8)/(-10))/(34/(-85)). Is 10672/48 - z/3 prime?
True
Let a(y) = -22*y**3 - 11*y**2 - 5*y + 11. Is a(-6) prime?
True
Let s(i) = 6*i**3 + 5*i**2 - 3*i + 3. Let j(z) = -z**3 - z + 1. Let c be 50/14 + (-15)/(-35). Let a(w) = c*j(w) - s(w). Is a(-4) composite?
True
Suppose 4*t - 24 = 3*a - 2603, -2*t = 2*a + 1286. Let o = t + 1785. Is o prime?
False
Suppose 3*m = 5*f - 22780, -4*f + 5*m + 718 = -17493. Is f a composite number?
True
Let m be 4/3 - (78/(-9) - 3). Suppose -m*i = -18395 - 11726. Is i a prime number?
False
Suppose -6*b - 5*b = -29777. Is b a composite number?
False
Suppose -1954 = 4*j - 13070. Is j a composite number?
True
Let x = -65 - -69. Is x prime?
False
Suppose -57353 = 83*z - 1295962. Is z a prime number?
True
Let i(k) = -4957*k - 4. Let m be i(-1). Let u = -370 + m. Is u composite?
False
Let h = -53 + 61. Suppose -3*c - 899 = -2*f, -3*f + h*f = -c + 2222. Is f a prime number?
False
Let u be -3 + -1 + 6 - -1. Is 1/(u - (-3426)/(-1143)) a composite number?
True
Suppose 4*a - 3*n + 192 = a, -5*n = -2*a - 122. Let d = a + 33. Let t = d + 46. Is t prime?
True
Let y = 254 - 427. Suppose 4*g - 344 = 5*t - 70, 0 = 5*t + 3*g + 302. Let f = t - y. Is f composite?
True
Let g(b) = -b**3 + 11*b**2 - 11*b + 5. Let i be g(10). Let j(n) = 15*n**2 - n - 1. Is j(